 is l(-2)?
-3
Let w(l) = l**2 - 9*l + 21. Let d be w(6). Let g(z) = -z**d + 49*z - 14*z - 22*z + 6*z**2 + 2 - 19*z. Determine g(5).
-3
Let x(k) = -4*k + 3. Suppose 11*m + 27 = 14*m. Suppose -51 + m = -6*c. What is x(c)?
-25
Suppose 27*f - 78 - 111 = 0. Let k(g) be the third derivative of 5/24*g**4 + 0*g + 1/30*g**5 - 2/3*g**3 + 0 - f*g**2. Determine k(-4).
8
Let p(k) = 2*k**3 + 3*k**2 + 15*k - 11. Let v(u) = -7*u + 15 + 6*u**3 - 10 - u**3 - u**2 - 6*u**3. Let c = -5 + 1. Let s(d) = c*p(d) - 9*v(d). Determine s(2).
1
Let x(h) = 5*h**3 + 53*h**2 - 10*h - 51. Let f(t) = -2*t**3 - 25*t**2 + 4*t + 26. Let s(i) = -7*f(i) - 3*x(i). What is s(16)?
3
Let g(j) = -j**3 - 3*j - 2*j**2 + 4*j + 0 - 4. Let s be g(-3). Suppose s*l - 1 = 3*z + 1, -z - 2 = -2*l. Let i(f) = -f - 6. What is i(z)?
-6
Let q(o) be the third derivative of -o**4/8 - o**3/6 + o**2. Let a be 8/(-12)*117/6. Let m = a + 14. Give q(m).
-4
Suppose 0 = p + 4*d - 35, 2*p - 3*d - 77 = -29. Suppose -23*k + 24 = -p*k. Let q(x) = x**3 + 5*x**2 - 6*x + 7. Calculate q(k).
7
Let w(i) = 4*i**2 + 2*i - 1. Suppose -7 = -4*c + 5*c - 5*x, -3*x = 4*c - 18. Suppose -b - 2*m - 15 = -c, -4*b + 3*m = -7. Determine w(b).
11
Let z = -63 - -74. Let q(i) = 3*i**2 + z*i**3 + 1 + 2*i**3 - i + 4*i - 12*i**3. What is q(-3)?
-8
Let v(k) = -23*k**3 - 7*k**2 + 7*k - 6. Let i(r) = -29*r**3 - 8*r**2 + 8*r - 7. Let s(q) = 5*i(q) - 6*v(q). Let f(p) = 2*p**2 - p. Let g be f(1). What is s(g)?
-6
Suppose -n - 2*n + 8 = 4*k, k = n - 5. Let u(f) = -338*f + 5*f**2 - 2*f**2 + 5 + 336*f - 2*f**2. What is u(n)?
13
Let b(m) be the first derivative of 5*m**2/2 - 3*m + 281. Determine b(-7).
-38
Let q(n) = -n + n**3 + 0*n**2 - 9 + 0*n + n**2 + 22. Let o = -16 + 16. What is q(o)?
13
Suppose -y - 15 = 2*y - 3*h, 5*y + 4*h + 25 = 0. Let r(g) = g - 6. Give r(y).
-11
Let n(w) = 4*w**2 + 9*w + 11. Let z(b) = 3*b**2 + 8*b + 10. Let c(l) = -4*n(l) + 5*z(l). Suppose 21 = 4*u + 2*m - 9, -m = 5. Let p = u - 5. Determine c(p).
1
Let z(d) = -4*d - 12. Let n be z(-2). Let j(x) = x**3 + 3*x**2 + 3*x - 1. Determine j(n).
-29
Suppose 32 = 6*v - 22. Let z be 2/v + (-125)/(-45). Let j(w) = w**2 - 1. Give j(z).
8
Let n(v) = 2*v**3 + v - 1. Suppose -g - 1 = -5*b + 31, 0 = -3*b - 2*g + 27. Suppose -2*s + 9*s = b. Give n(s).
2
Let z(h) = h**2 + 4*h + 2. Suppose 0*y + 18 = 5*y - 3*x, -3*y - 4*x = -5. Suppose 27 + 3 = y*j. Suppose 0 = -2*v + j, -6*o + 4*v = -4*o + 28. Determine z(o).
2
Let z(h) = h - 17. Let i(q) = -q + 16. Let r(a) = -4*i(a) - 5*z(a). Let u be r(16). Let p(m) be the second derivative of -m**3/6 + 5*m**2/2 - m. Calculate p(u).
0
Let g(q) = q**2 + 11*q + 5. Let k(i) = 5*i - 187. Let f be k(36). Determine g(f).
-23
Let a(p) = -5*p + 3. Let h(m) = -10*m + 6. Let w(g) = -11*a(g) + 6*h(g). Calculate w(4).
-17
Suppose -2*l - 4 = 0, -r + 3*l + 9 = 7. Let c(h) = 8*h - 2. What is c(r)?
-34
Suppose 0 = -2*y - 12 + 16. Let x(s) be the third derivative of -s**4/24 + s**3/6 - s**2. What is x(y)?
-1
Let k(h) = 11 - 55*h + 93*h - 37*h. Calculate k(0).
11
Let g(l) be the second derivative of -l**6/360 + 3*l**5/40 - 5*l**4/24 - l**3 - 26*l. Let x(a) be the second derivative of g(a). What is x(7)?
9
Let n(h) = 16*h**3 - 2*h**2 + h - 2. Let x(t) = 79*t**3 - 11*t**2 + 6*t - 11. Suppose o - 67 + 65 = 0. Let r(j) = o*x(j) - 11*n(j). Calculate r(-1).
17
Let a(k) be the second derivative of 2*k**5/5 - k**4/12 + k**3/2 - k**2 + 38*k + 3. What is a(2)?
64
Let z(f) = -177*f + 172*f - 3*f**2 + 2*f**2 + 1. Let m be 1*(-6 - -2 - 1). What is z(m)?
1
Let n(k) = 3*k**2. Let p be n(-1). Let v(g) = -5*g**2 - g - 1. Let q(o) = 2 - 2*o + 5*o + 11*o**2 - o. Let f(t) = 6*q(t) + 13*v(t). Give f(p).
5
Suppose 2*d - 12 = -5*u, 4 = -2*u + d + 7. Suppose -2*o = -u*w + 4, 3*w + 4*o = -2*w - 8. Let q(k) = -4 - k - 1 - 1 + 9. Determine q(w).
3
Let k(h) be the third derivative of -h**4/4 - 14*h**3/3 - 63*h**2 + 1. Give k(-4).
-4
Let h(c) = 2*c**2 - 6*c + 7. Let z(j) = j**2 - 1. Let p(g) = 3 + 3 - 3*g - 6 + 1 + 3*g**2. Let t(d) = -p(d) + 2*z(d). Let s(w) = 3*h(w) + 7*t(w). Give s(4).
-4
Let w(b) = -b**2 - b - 7. Let o be w(0). Let j(m) be the first derivative of -m**3/3 - 3*m**2 + m + 235. Calculate j(o).
-6
Let n(a) be the third derivative of a**5/60 - 3*a**4/8 + 4*a**3/3 - 753*a**2. Determine n(6).
-10
Let z(o) be the second derivative of o**5/20 - 11*o**4/12 - 7*o**2/2 - 7*o. Determine z(11).
-7
Let h(p) = -p + 2. Suppose 22 = 5*i + 4*m, -7*i + 2*i + 3*m = -1. Let t = 14 - 14. Suppose t = i*n + 5*g + 9, 5*n = -g - 4*g + 15. Calculate h(n).
-6
Let b = 27 - 59. Let w be b/7 + (-4)/(-7). Let u(m) = -m - 6. Give u(w).
-2
Let s be 76/(-18) - (-4)/18. Let y(q) be the second derivative of -13*q**3/6 - 3*q**2/2 - 5*q. Let o(n) = 7*n + 1. Let c(u) = 7*o(u) + 4*y(u). What is c(s)?
7
Let p be 2/((-4)/(-11))*(-4 - -6). Let i(c) = 2*c**2 - 23*c + 12. Determine i(p).
1
Let x be (-6)/12*(-2 + 2). Suppose h - 5*h - 28 = x. Let b(c) = c**2 + c + 1. Let r(u) = -6*u**2 - 10*u + 4. Let y(s) = -5*b(s) - r(s). Give y(h).
5
Let b(z) = -3*z**2 + z - 1. Let c(w) = -6*w + 38. Let l be c(6). Let i be (-1)/3*0 - (-4 + l). Calculate b(i).
-11
Let i(u) be the third derivative of -1/15*u**5 - 4*u**2 + 1/24*u**4 + 0 + 0*u**3 + 0*u. Determine i(-1).
-5
Let h(b) be the second derivative of -b**5/20 + b**4 + 3*b**2 - 391*b. Determine h(12).
6
Let r(m) = -m**3 + 9*m**2 + 12*m + 1. Suppose -2*a = 4*i - 12, 4*a + 11*i = 15*i + 48. Give r(a).
21
Let i(u) = 4*u**2 - 4*u + 3. Let n = 7 - 5. Suppose -n*y - 14 = -0*y. Let d = y + 9. Give i(d).
11
Let b = -13 + 19. Let q(i) be the second derivative of -i**4/12 + 5*i**3/6 + 4*i**2 + 7*i. Determine q(b).
2
Let u be 1/(-4) + 6/(-8). Let p(v) = 0*v**3 + 0 + 34*v - 32*v + 1 + v**2 - 2*v**3. Calculate p(u).
2
Let t(r) = 0 + 0 - r + 7. Let i = 2 - -2. Suppose a + 2*n = 6 + 4, 0 = i*a + 4*n - 32. Calculate t(a).
1
Let d(h) = -h**3 + 3*h**2 - 3*h + 10*h + 1 - 9*h. Calculate d(3).
-5
Let v(r) = -r**2 + 1. Let x(k) = -k**3 + k**2 + k - 6. Let f(q) = 6*v(q) + x(q). Let t be (-2)/4*((-3 - -9) + 4). What is f(t)?
-5
Let p(l) = l**3 + 17*l**2 - 37*l + 11. Let u be p(-19). Let n(z) = -z**2 - 9*z - 10. Give n(u).
-2
Let o(q) = 10*q - 79. Let m be o(8). Let z(i) = -9*i**2 + 1. Calculate z(m).
-8
Suppose -58 = -9*l + 5. Let d(g) = 7*g**2 - 19*g + 1. Let j(b) = -10*b**2 + 28*b - 1. Let s(i) = l*d(i) + 5*j(i). Determine s(7).
2
Let s(j) = 5*j + 1. Suppose 7*y + 28 = 3*y - o, -5*o = 5*y + 50. Determine s(y).
-29
Let b(k) = 9*k**3 - 22*k**2 - 8*k + 21. Let t(q) = -q**3 - 2*q + 1. Let m(s) = -b(s) - 8*t(s). Determine m(23).
-6
Suppose 11*j = 5*j - 17*j. Let x(q) be the second derivative of -3/2*q**2 + j - 2/3*q**3 - 1/4*q**4 - 1/20*q**5 + 3*q. Determine x(-2).
1
Let v(t) = -13*t - t**3 + 2 - 5*t - 4 + 21*t - 3*t**2. Let h be v(-4). Let c(k) = 3 - 2*k - k**2 - k - 1 - h*k. Determine c(-6).
-4
Let n(x) = -x**2 + 3. Let s(w) = -3*w - 24. Let z be ((-31)/3 - (-6)/18) + 3. Let l be s(z). Give n(l).
-6
Let c(q) = 3*q**2 + 111*q + 11. Let k be c(-37). Let y(a) = 2*a - 12. What is y(k)?
10
Let u(c) = 4*c + 4. Let b be (6 - -2) + 3 + -2*4. Determine u(b).
16
Let d(c) be the second derivative of c**3/3 - c**2/2 - 8*c + 10. Give d(-6).
-13
Let k = 425 - 414. Let j(a) = a**2 - 9*a - 15. Calculate j(k).
7
Suppose 3*l - 12 = -4*f + f, 0 = 2*l - 3*f + 2. Let v(w) = l + 0*w - 2*w + 5*w. Let t = 40 - 37. Give v(t).
11
Let m = -387 + 385. Let u(d) be the second derivative of -d**3/3 - 3*d**2/2 + 2*d. Determine u(m).
1
Let k(t) be the third derivative of t**8/10080 + t**7/5040 - t**5/30 - t**2. Let y(i) be the third derivative of k(i). Suppose 16*m + 31 + 1 = 0. Give y(m).
6
Let x be (-5 + ((-76)/(-8) - 2))*-2. Let u(q) = -2*q - 7. Calculate u(x).
3
Suppose -3 = -k + 2*k - 3*q, -5*k = 4*q - 23. Let t(v) = 2 + 2 - k - 7*v. Determine t(2).
-13
Let x(s) = -43 + 0*s + s + 76. What is x(-12)?
21
Let g(b) = b**2 + 8*b - 83. Suppose -91*n - 175 = -721. Calculate g(n).
1
Let t(g) = 26 - 29*g**2 + 23*g**2 - 26. Let y = 1 - -5. Let w = -7 + y. What is t(w)?
-6
Let l(r) = -6 + 26*r - 4*r - 17*r - r**2. What is l(5)?
-6
Let i(y) be the first derivative of -y**2/2 - y + 5. Let s be (1 - 0)/(7*7/245). Give i(s).
-6
Let w(h) = -h**2 + 7*h - 5. Suppose 1 = t + 5*s - 8, 3*t - 2*s - 10 = 0. What is w(t)?
7
Suppose 4*g - 8 = 12. Suppose l